{"id":1023,"date":"2023-12-14T14:48:42","date_gmt":"2023-12-14T14:48:42","guid":{"rendered":"http:\/\/170.249.220.82\/~wwwsubwaycom\/?page_id=1023"},"modified":"2023-12-14T20:14:37","modified_gmt":"2023-12-14T20:14:37","slug":"bienestar","status":"publish","type":"page","link":"https:\/\/subway.com.uy\/index.php\/sustentabilidad\/bienestar\/","title":{"rendered":"bienestar"},"content":{"rendered":"\t\t<div data-elementor-type=\"wp-page\" data-elementor-id=\"1023\" class=\"elementor elementor-1023\" data-elementor-post-type=\"page\">\n\t\t\t\t<div class=\"elementor-element elementor-element-1697e8c e-flex e-con-boxed e-con e-parent\" data-id=\"1697e8c\" data-element_type=\"container\">\n\t\t\t\t\t<div class=\"e-con-inner\">\n\t\t\t\t\t<\/div>\n\t\t\t\t<\/div>\n\t\t<div class=\"elementor-element elementor-element-f3d5135 e-con-full e-flex e-con e-parent\" data-id=\"f3d5135\" data-element_type=\"container\">\n\t\t\t\t<div class=\"elementor-element elementor-element-e5a2589 elementor-hidden-desktop elementor-widget elementor-widget-spacer\" data-id=\"e5a2589\" data-element_type=\"widget\" data-widget_type=\"spacer.default\">\n\t\t\t\t<div class=\"elementor-widget-container\">\n\t\t\t\t\t\t\t<div class=\"elementor-spacer\">\n\t\t\t<div class=\"elementor-spacer-inner\"><\/div>\n\t\t<\/div>\n\t\t\t\t\t\t<\/div>\n\t\t\t\t<\/div>\n\t\t\t\t<div class=\"elementor-element elementor-element-1c626c1 elementor-widget elementor-widget-image\" data-id=\"1c626c1\" data-element_type=\"widget\" data-widget_type=\"image.default\">\n\t\t\t\t<div class=\"elementor-widget-container\">\n\t\t\t\t\t\t\t\t\t\t\t\t\t\t\t<img fetchpriority=\"high\" decoding=\"async\" width=\"1280\" height=\"490\" src=\"https:\/\/subway.com.uy\/wp-content\/uploads\/2023\/12\/WellBeing-Header.jpg\" class=\"attachment-full size-full wp-image-1026\" alt=\"\" srcset=\"https:\/\/subway.com.uy\/wp-content\/uploads\/2023\/12\/WellBeing-Header.jpg 1280w, https:\/\/subway.com.uy\/wp-content\/uploads\/2023\/12\/WellBeing-Header-300x115.jpg 300w, https:\/\/subway.com.uy\/wp-content\/uploads\/2023\/12\/WellBeing-Header-1024x392.jpg 1024w, https:\/\/subway.com.uy\/wp-content\/uploads\/2023\/12\/WellBeing-Header-768x294.jpg 768w\" sizes=\"(max-width: 1280px) 100vw, 1280px\" \/>\t\t\t\t\t\t\t\t\t\t\t\t\t\t\t<\/div>\n\t\t\t\t<\/div>\n\t\t<div class=\"elementor-element elementor-element-adec8ff e-flex e-con-boxed e-con e-child\" data-id=\"adec8ff\" data-element_type=\"container\">\n\t\t\t\t\t<div class=\"e-con-inner\">\n\t\t<div class=\"elementor-element elementor-element-b7bc784 elementor-hidden-tablet elementor-hidden-mobile e-flex e-con-boxed e-con e-child\" data-id=\"b7bc784\" data-element_type=\"container\" data-settings=\"{&quot;background_background&quot;:&quot;classic&quot;}\">\n\t\t\t\t\t<div class=\"e-con-inner\">\n\t\t\t\t<div class=\"elementor-element elementor-element-294c946 elementor-widget elementor-widget-heading\" data-id=\"294c946\" data-element_type=\"widget\" data-widget_type=\"heading.default\">\n\t\t\t\t<div class=\"elementor-widget-container\">\n\t\t\t\t\t<h2 class=\"elementor-heading-title elementor-size-default\">Promover el Bienestar<\/h2>\t\t\t\t<\/div>\n\t\t\t\t<\/div>\n\t\t\t\t<div class=\"elementor-element elementor-element-f3076b4 elementor-widget elementor-widget-text-editor\" data-id=\"f3076b4\" data-element_type=\"widget\" data-widget_type=\"text-editor.default\">\n\t\t\t\t<div class=\"elementor-widget-container\">\n\t\t\t\t\t\t\t\t\t<p style=\"text-align: center;\"><span style=\"font-size: 12pt; color: #000000;\">Nos esforzamos por ayudar a nuestros clientes a vivir vidas equilibradas al brindarles las mejores opciones. Siempre buscamos lo mejor con Search For Better\u00ae.<\/span><\/p>\t\t\t\t\t\t\t\t<\/div>\n\t\t\t\t<\/div>\n\t\t\t\t\t<\/div>\n\t\t\t\t<\/div>\n\t\t<div class=\"elementor-element elementor-element-00f7e93 elementor-hidden-desktop e-flex e-con-boxed e-con e-child\" data-id=\"00f7e93\" data-element_type=\"container\" data-settings=\"{&quot;background_background&quot;:&quot;classic&quot;}\">\n\t\t\t\t\t<div class=\"e-con-inner\">\n\t\t\t\t<div class=\"elementor-element elementor-element-d543d1f elementor-widget elementor-widget-heading\" data-id=\"d543d1f\" data-element_type=\"widget\" data-widget_type=\"heading.default\">\n\t\t\t\t<div class=\"elementor-widget-container\">\n\t\t\t\t\t<h2 class=\"elementor-heading-title elementor-size-default\">Promover el Bienestar<\/h2>\t\t\t\t<\/div>\n\t\t\t\t<\/div>\n\t\t\t\t\t<\/div>\n\t\t\t\t<\/div>\n\t\t\t\t\t<\/div>\n\t\t\t\t<\/div>\n\t\t\t\t<\/div>\n\t\t<div class=\"elementor-element elementor-element-6a64591 e-flex e-con-boxed e-con e-parent\" data-id=\"6a64591\" data-element_type=\"container\">\n\t\t\t\t\t<div class=\"e-con-inner\">\n\t\t<div class=\"elementor-element elementor-element-d5dca1d e-con-full e-flex e-con e-child\" data-id=\"d5dca1d\" data-element_type=\"container\">\n\t\t<div class=\"elementor-element elementor-element-e4a0583 e-flex e-con-boxed e-con e-child\" data-id=\"e4a0583\" data-element_type=\"container\" data-settings=\"{&quot;sticky&quot;:&quot;top&quot;,&quot;sticky_offset&quot;:110,&quot;sticky_effects_offset&quot;:12,&quot;sticky_parent&quot;:&quot;yes&quot;,&quot;sticky_on&quot;:[&quot;desktop&quot;,&quot;tablet&quot;,&quot;mobile&quot;],&quot;sticky_anchor_link_offset&quot;:0}\">\n\t\t\t\t\t<div class=\"e-con-inner\">\n\t\t\t\t<div class=\"elementor-element elementor-element-a0b9f77 elementor-widget elementor-widget-text-editor\" data-id=\"a0b9f77\" data-element_type=\"widget\" data-widget_type=\"text-editor.default\">\n\t\t\t\t<div class=\"elementor-widget-container\">\n\t\t\t\t\t\t\t\t\t<a class=\"main_link\" href=\"https:\/\/subway.com.uy\/index.php\/sustentabilidad\/bienestar\/\" type=\"button\" data-buttontext=\"quality\">CALIDAD Y SEGURIDAD DE LOS ALIMENTOS<\/a>\n\n<a class=\"main_link\" href=\"https:\/\/subway.com.uy\/index.php\/sustentabilidad\/abanico-nutricional\/\" type=\"button\" data-buttontext=\"Nutritional\">ABANICO NUTRICIONAL<\/a>\t\t\t\t\t\t\t\t<\/div>\n\t\t\t\t<\/div>\n\t\t\t\t\t<\/div>\n\t\t\t\t<\/div>\n\t\t\t\t<\/div>\n\t\t<div class=\"elementor-element elementor-element-d1a388d e-con-full e-flex e-con e-child\" data-id=\"d1a388d\" data-element_type=\"container\">\n\t\t\t\t<div class=\"elementor-element elementor-element-85a372a elementor-widget elementor-widget-text-editor\" data-id=\"85a372a\" data-element_type=\"widget\" data-widget_type=\"text-editor.default\">\n\t\t\t\t<div class=\"elementor-widget-container\">\n\t\t\t\t\t\t\t\t\t<p style=\"text-align: left;\"><span style=\"color: #000000; font-family: subway2;\"><strong><span style=\"font-size: 12pt;\">Mediante la colaboraci\u00f3n y las pr\u00e1cticas de control de calidad progresivas, nuestra meta es mitigar los riesgos para la seguridad alimentaria en todos los mercados.<\/span><\/strong><\/span><\/p>\t\t\t\t\t\t\t\t<\/div>\n\t\t\t\t<\/div>\n\t\t\t\t<div class=\"elementor-element elementor-element-f1a5fdd elementor-widget elementor-widget-text-editor\" data-id=\"f1a5fdd\" data-element_type=\"widget\" data-widget_type=\"text-editor.default\">\n\t\t\t\t<div class=\"elementor-widget-container\">\n\t\t\t\t\t\t\t\t\t<p class=\"texto-normal\" style=\"text-align: left;\"><span style=\"font-size: 12pt; font-family: subway2; color: #000000;\">Las principales prioridades de Subway\u00ae son la seguridad y la calidad de los alimentos. Nuestro objetivo es servir alimentos que cumplan constantemente los est\u00e1ndares de calidad y seguridad m\u00e1s altos, desde el momento en que se cultiva, cosecha o pesca hasta cuando se coloca en un s\u00e1ndwich o ensalada en nuestros restaurants.<\/span><\/p>\n<p class=\"texto-normal\" style=\"text-align: left;\"><span style=\"font-size: 12pt; font-family: subway2; color: #000000;\">Nuestros altos est\u00e1ndares en seguridad alimentaria permiten garantizar que nuestros clientes obtienen la calidad que esperan de la marca Subway\u00ae. Todas las instalaciones autorizadas que suministran comida a los restaurants Subway\u00ae se someten a una rigurosa auditor\u00eda externa de seguridad alimentaria, an\u00e1lisis de peligros y de puntos cr\u00edticos de control (Hazard Analysis and Critical Control Point, HAACP) y buenas pr\u00e1cticas de fabricaci\u00f3n (Good Manufacturing Practices, GMP). Asimismo, nuestro proceso de auditor\u00eda garantiza que nuestros proveedores agr\u00edcolas implementen buenas pr\u00e1cticas agr\u00edcolas (Good Agricultural Practices, GAP) y de cosecha (Good Harvesting Practices, GHP).<\/span><\/p>\t\t\t\t\t\t\t\t<\/div>\n\t\t\t\t<\/div>\n\t\t\t\t<div class=\"elementor-element elementor-element-3ed6e78 elementor-widget elementor-widget-heading\" data-id=\"3ed6e78\" data-element_type=\"widget\" data-widget_type=\"heading.default\">\n\t\t\t\t<div class=\"elementor-widget-container\">\n\t\t\t\t\t<h2 class=\"elementor-heading-title elementor-size-default\">\"Nos importa la comida. De d\u00f3nde proviene y c\u00f3mo nos nutre es tan importante como su sabor.\"<\/h2>\t\t\t\t<\/div>\n\t\t\t\t<\/div>\n\t\t\t\t<div class=\"elementor-element elementor-element-9c65a76 elementor-widget elementor-widget-text-editor\" data-id=\"9c65a76\" data-element_type=\"widget\" data-widget_type=\"text-editor.default\">\n\t\t\t\t<div class=\"elementor-widget-container\">\n\t\t\t\t\t\t\t\t\t<p class=\"texto-normal\" style=\"text-align: left;\"><span style=\"font-size: 12pt; color: #000000; font-family: subway2;\">Subway\u00ae proporciona capacitaci\u00f3n obligatoria para los franquiciados y su personal sobre la importancia de la seguridad alimentaria. Todos los miembros del equipo est\u00e1n capacitados y deben seguir los procesos de manejo seguro de alimentos y monitoreo, lo que incluye las pol\u00edticas sobre lavado de manos, monitoreo de temperatura de productos y procedimientos estrictos de caducidad de alimentos.<\/span><\/p>\n<p class=\"texto-normal\" style=\"text-align: left;\"><span style=\"font-size: 12pt; color: #000000; font-family: subway2;\">Nuestras pol\u00edticas de seguridad alimentaria son, al menos, tan estrictas como las pautas del c\u00f3digo alimentario de la FDA y el programa Serve Safe\u00ae de la Asociaci\u00f3n Nacional de Restaurantes. Cada vez que un c\u00f3digo local difiera de estas pautas, nuestra pol\u00edtica es que el restaurant debe seguir siempre la pol\u00edtica m\u00e1s estricta.<\/span><\/p>\t\t\t\t\t\t\t\t<\/div>\n\t\t\t\t<\/div>\n\t\t\t\t<div class=\"elementor-element elementor-element-418ec40 elementor-widget elementor-widget-heading\" data-id=\"418ec40\" data-element_type=\"widget\" data-widget_type=\"heading.default\">\n\t\t\t\t<div class=\"elementor-widget-container\">\n\t\t\t\t\t<h2 class=\"elementor-heading-title elementor-size-default\">Enfoque en los Temas Sobre el Bienestar<\/h2>\t\t\t\t<\/div>\n\t\t\t\t<\/div>\n\t\t\t\t<div class=\"elementor-element elementor-element-3bb89e8 elementor-widget elementor-widget-accordion\" data-id=\"3bb89e8\" data-element_type=\"widget\" data-widget_type=\"accordion.default\">\n\t\t\t\t<div class=\"elementor-widget-container\">\n\t\t\t\t\t\t\t<div class=\"elementor-accordion\">\n\t\t\t\t\t\t\t<div class=\"elementor-accordion-item\">\n\t\t\t\t\t<div id=\"elementor-tab-title-6261\" class=\"elementor-tab-title\" data-tab=\"1\" role=\"button\" aria-controls=\"elementor-tab-content-6261\" aria-expanded=\"false\">\n\t\t\t\t\t\t\t\t\t\t\t\t\t<span class=\"elementor-accordion-icon elementor-accordion-icon-right\" aria-hidden=\"true\">\n\t\t\t\t\t\t\t\t\t\t\t\t\t\t\t<span class=\"elementor-accordion-icon-closed\"><i class=\"fas fa-plus\"><\/i><\/span>\n\t\t\t\t\t\t\t\t<span class=\"elementor-accordion-icon-opened\"><i class=\"fas fa-minus\"><\/i><\/span>\n\t\t\t\t\t\t\t\t\t\t\t\t\t\t<\/span>\n\t\t\t\t\t\t\t\t\t\t\t\t<a class=\"elementor-accordion-title\" tabindex=\"0\">Etiquetado y Transparencia del Men\u00fa<\/a>\n\t\t\t\t\t<\/div>\n\t\t\t\t\t<div id=\"elementor-tab-content-6261\" class=\"elementor-tab-content elementor-clearfix\" data-tab=\"1\" role=\"region\" aria-labelledby=\"elementor-tab-title-6261\"><p><span style=\"font-size: 12pt; font-family: subway2;\">En Subway\u00ae, creemos en ofrecer informaci\u00f3n nutricional completa y precisa, adem\u00e1s de listas claras de ingredientes. Como marca global, es importante que Subway proporcione informaci\u00f3n simple, basada en hechos y f\u00e1cil de entender para que nuestros clientes puedan seleccionar de forma informada un men\u00fa que se adapte a sus necesidades particulares en cuanto a dieta y estilo de vida. Los nutricionistas revisan y recopilan todos los detalles nutricionales y de ingredientes, y laboratorios acreditados de terceros verifican de forma rutinaria la informaci\u00f3n nutricional.<\/span><\/p><\/div>\n\t\t\t\t<\/div>\n\t\t\t\t\t\t\t<div class=\"elementor-accordion-item\">\n\t\t\t\t\t<div id=\"elementor-tab-title-6262\" class=\"elementor-tab-title\" data-tab=\"2\" role=\"button\" aria-controls=\"elementor-tab-content-6262\" aria-expanded=\"false\">\n\t\t\t\t\t\t\t\t\t\t\t\t\t<span class=\"elementor-accordion-icon elementor-accordion-icon-right\" aria-hidden=\"true\">\n\t\t\t\t\t\t\t\t\t\t\t\t\t\t\t<span class=\"elementor-accordion-icon-closed\"><i class=\"fas fa-plus\"><\/i><\/span>\n\t\t\t\t\t\t\t\t<span class=\"elementor-accordion-icon-opened\"><i class=\"fas fa-minus\"><\/i><\/span>\n\t\t\t\t\t\t\t\t\t\t\t\t\t\t<\/span>\n\t\t\t\t\t\t\t\t\t\t\t\t<a class=\"elementor-accordion-title\" tabindex=\"0\">Organismos Modificados Gen\u00e9ticamente (GMO)<\/a>\n\t\t\t\t\t<\/div>\n\t\t\t\t\t<div id=\"elementor-tab-content-6262\" class=\"elementor-tab-content elementor-clearfix\" data-tab=\"2\" role=\"region\" aria-labelledby=\"elementor-tab-title-6262\"><p>En Subway\u00ae, nos comprometemos a producir comidas de gran sabor que tengan la m\u00e1s alta calidad en todas partes del mundo, lo que garantiza que todos nuestros productos cumplan o superen los est\u00e1ndares de seguridad y calidad correspondientes.<br \/><br \/>El uso de ingredientes de productos agr\u00edcolas producidos mediante ingenier\u00eda biol\u00f3gica (tambi\u00e9n conocidos como organismos modificados gen\u00e9ticamente [Genetically Modified Organism, GMO]) es seguro. Muchas de las entidades y organizaciones reglamentarias m\u00e1s influyentes que estudian la seguridad alimentaria, como la Administraci\u00f3n de Alimentos y Medicamentos de Estados Unidos, la Asociaci\u00f3n M\u00e9dica Estadounidense, la Organizaci\u00f3n Mundial de la Salud, Health Canada, el Departamento de Agricultura de los Estados Unidos y la Academia Nacional de Ciencias han descubierto que los ingredientes producidos mediante ingenier\u00eda biol\u00f3gica son seguros y que no existen efectos de salud negativos con su uso. Sabemos que los clientes pueden preocuparse por el uso de ingredientes modificados gen\u00e9ticamente, por lo que algunos mercados pueden elegir restringir su uso.<\/p><\/div>\n\t\t\t\t<\/div>\n\t\t\t\t\t\t\t\t<\/div>\n\t\t\t\t\t\t<\/div>\n\t\t\t\t<\/div>\n\t\t\t\t<\/div>\n\t\t\t\t\t<\/div>\n\t\t\t\t<\/div>\n\t\t\t\t<\/div>\n\t\t","protected":false},"excerpt":{"rendered":"<p>Promover el Bienestar Nos esforzamos por ayudar a nuestros clientes a vivir vidas equilibradas al brindarles las mejores opciones. Siempre buscamos lo mejor con Search For Better\u00ae. Promover el Bienestar CALIDAD Y SEGURIDAD DE LOS ALIMENTOS ABANICO NUTRICIONAL Mediante la colaboraci\u00f3n y las pr\u00e1cticas de control de calidad progresivas, nuestra meta es mitigar los riesgos [&hellip;]<\/p>\n","protected":false},"author":1,"featured_media":0,"parent":1021,"menu_order":0,"comment_status":"closed","ping_status":"closed","template":"elementor_header_footer","meta":{"footnotes":""},"class_list":["post-1023","page","type-page","status-publish","hentry"],"_links":{"self":[{"href":"https:\/\/subway.com.uy\/index.php\/wp-json\/wp\/v2\/pages\/1023","targetHints":{"allow":["GET"]}}],"collection":[{"href":"https:\/\/subway.com.uy\/index.php\/wp-json\/wp\/v2\/pages"}],"about":[{"href":"https:\/\/subway.com.uy\/index.php\/wp-json\/wp\/v2\/types\/page"}],"author":[{"embeddable":true,"href":"https:\/\/subway.com.uy\/index.php\/wp-json\/wp\/v2\/users\/1"}],"replies":[{"embeddable":true,"href":"https:\/\/subway.com.uy\/index.php\/wp-json\/wp\/v2\/comments?post=1023"}],"version-history":[{"count":22,"href":"https:\/\/subway.com.uy\/index.php\/wp-json\/wp\/v2\/pages\/1023\/revisions"}],"predecessor-version":[{"id":1188,"href":"https:\/\/subway.com.uy\/index.php\/wp-json\/wp\/v2\/pages\/1023\/revisions\/1188"}],"up":[{"embeddable":true,"href":"https:\/\/subway.com.uy\/index.php\/wp-json\/wp\/v2\/pages\/1021"}],"wp:attachment":[{"href":"https:\/\/subway.com.uy\/index.php\/wp-json\/wp\/v2\/media?parent=1023"}],"curies":[{"name":"wp","href":"https:\/\/api.w.org\/{rel}","templated":true}]}}