{"id":2555,"date":"2026-01-27T16:06:20","date_gmt":"2026-01-27T16:06:20","guid":{"rendered":"https:\/\/subway.com.uy\/?page_id=2555"},"modified":"2026-01-27T19:43:55","modified_gmt":"2026-01-27T19:43:55","slug":"promo_favorita","status":"publish","type":"page","link":"https:\/\/subway.com.uy\/index.php\/promo_favorita\/","title":{"rendered":"Promo favorita"},"content":{"rendered":"\t\t<div data-elementor-type=\"wp-page\" data-elementor-id=\"2555\" class=\"elementor elementor-2555\" data-elementor-post-type=\"page\">\n\t\t\t\t<div class=\"elementor-element elementor-element-c7999f4 e-flex e-con-boxed e-con e-parent\" data-id=\"c7999f4\" data-element_type=\"container\">\n\t\t\t\t\t<div class=\"e-con-inner\">\n\t\t\t\t\t<\/div>\n\t\t\t\t<\/div>\n\t\t<div class=\"elementor-element elementor-element-dfe6652 e-flex e-con-boxed e-con e-parent\" data-id=\"dfe6652\" data-element_type=\"container\">\n\t\t\t\t\t<div class=\"e-con-inner\">\n\t\t<div class=\"elementor-element elementor-element-0ecf8fc e-con-full e-flex e-con e-child\" data-id=\"0ecf8fc\" data-element_type=\"container\">\n\t\t\t\t<div class=\"elementor-element elementor-element-ae52732 elementor-widget elementor-widget-spacer\" data-id=\"ae52732\" data-element_type=\"widget\" data-widget_type=\"spacer.default\">\n\t\t\t\t<div class=\"elementor-widget-container\">\n\t\t\t\t\t\t\t<div class=\"elementor-spacer\">\n\t\t\t<div class=\"elementor-spacer-inner\"><\/div>\n\t\t<\/div>\n\t\t\t\t\t\t<\/div>\n\t\t\t\t<\/div>\n\t\t\t\t<\/div>\n\t\t\t\t\t<\/div>\n\t\t\t\t<\/div>\n\t\t<div class=\"elementor-element elementor-element-1e2e252 e-con-full e-flex e-con e-parent\" data-id=\"1e2e252\" data-element_type=\"container\">\n\t\t<div class=\"elementor-element elementor-element-0202626 e-con-full e-flex e-con e-child\" data-id=\"0202626\" data-element_type=\"container\">\n\t\t\t\t<div class=\"elementor-element elementor-element-fc099cf elementor-widget__width-initial elementor-widget elementor-widget-image\" data-id=\"fc099cf\" data-element_type=\"widget\" data-widget_type=\"image.default\">\n\t\t\t\t<div class=\"elementor-widget-container\">\n\t\t\t\t\t\t\t\t\t\t\t\t\t\t\t<img fetchpriority=\"high\" decoding=\"async\" width=\"808\" height=\"519\" src=\"https:\/\/subway.com.uy\/wp-content\/uploads\/2026\/01\/Promo-favorit.jpg\" class=\"attachment-full size-full wp-image-2484\" alt=\"\" srcset=\"https:\/\/subway.com.uy\/wp-content\/uploads\/2026\/01\/Promo-favorit.jpg 808w, https:\/\/subway.com.uy\/wp-content\/uploads\/2026\/01\/Promo-favorit-300x193.jpg 300w, https:\/\/subway.com.uy\/wp-content\/uploads\/2026\/01\/Promo-favorit-768x493.jpg 768w\" sizes=\"(max-width: 808px) 100vw, 808px\" \/>\t\t\t\t\t\t\t\t\t\t\t\t\t\t\t<\/div>\n\t\t\t\t<\/div>\n\t\t\t\t<\/div>\n\t\t\t\t<\/div>\n\t\t<div class=\"elementor-element elementor-element-79e2f41 e-flex e-con-boxed e-con e-parent\" data-id=\"79e2f41\" data-element_type=\"container\">\n\t\t\t\t\t<div class=\"e-con-inner\">\n\t\t<div class=\"elementor-element elementor-element-79313a1 e-flex e-con-boxed e-con e-child\" data-id=\"79313a1\" data-element_type=\"container\">\n\t\t\t\t\t<div class=\"e-con-inner\">\n\t\t\t\t<div class=\"elementor-element elementor-element-deb8313 elementor-hidden-desktop elementor-hidden-tablet elementor-hidden-mobile elementor-widget elementor-widget-text-editor\" data-id=\"deb8313\" data-element_type=\"widget\" data-widget_type=\"text-editor.default\">\n\t\t\t\t<div class=\"elementor-widget-container\">\n\t\t\t\t\t\t\t\t\t<h4>\u00bfYa tenes tu d\u00eda de sub favorito? Disfrut\u00e1 cualquier d\u00eda de un delicioso sub a $199, y descubr\u00ed tu opci\u00f3n favorita. No acumulable con otras promociones.<\/h4>\t\t\t\t\t\t\t\t<\/div>\n\t\t\t\t<\/div>\n\t\t\t\t<div class=\"elementor-element elementor-element-41cd6f0 elementor-widget elementor-widget-text-editor\" data-id=\"41cd6f0\" data-element_type=\"widget\" data-widget_type=\"text-editor.default\">\n\t\t\t\t<div class=\"elementor-widget-container\">\n\t\t\t\t\t\t\t\t\t<a href=\"https:\/\/subway.com.uy\/wp-content\/uploads\/2026\/01\/promo-favorita.pdf\" target=\"_blank;><span style=\"text-decoration: underline;\"><span style=\"color: #000000;\"><span style=\"font-size: 12px!important;\">Ver bases y condiciones<\/span><\/span><\/span><\/a>\t\t\t\t\t\t\t\t<\/div>\n\t\t\t\t<\/div>\n\t\t\t\t<div class=\"elementor-element elementor-element-a731f79 elementor-widget elementor-widget-spacer\" data-id=\"a731f79\" data-element_type=\"widget\" data-widget_type=\"spacer.default\">\n\t\t\t\t<div class=\"elementor-widget-container\">\n\t\t\t\t\t\t\t<div class=\"elementor-spacer\">\n\t\t\t<div class=\"elementor-spacer-inner\"><\/div>\n\t\t<\/div>\n\t\t\t\t\t\t<\/div>\n\t\t\t\t<\/div>\n\t\t\t\t\t<\/div>\n\t\t\t\t<\/div>\n\t\t\t\t\t<\/div>\n\t\t\t\t<\/div>\n\t\t\t\t<\/div>\n\t\t","protected":false},"excerpt":{"rendered":"<p>\u00bfYa tenes tu d\u00eda de sub favorito? Disfrut\u00e1 cualquier d\u00eda de un delicioso sub a $199, y descubr\u00ed tu opci\u00f3n favorita. No acumulable con otras promociones.<\/p>\n","protected":false},"author":1,"featured_media":2067,"parent":0,"menu_order":0,"comment_status":"closed","ping_status":"closed","template":"elementor_header_footer","meta":{"footnotes":""},"class_list":["post-2555","page","type-page","status-publish","has-post-thumbnail","hentry"],"_links":{"self":[{"href":"https:\/\/subway.com.uy\/index.php\/wp-json\/wp\/v2\/pages\/2555","targetHints":{"allow":["GET"]}}],"collection":[{"href":"https:\/\/subway.com.uy\/index.php\/wp-json\/wp\/v2\/pages"}],"about":[{"href":"https:\/\/subway.com.uy\/index.php\/wp-json\/wp\/v2\/types\/page"}],"author":[{"embeddable":true,"href":"https:\/\/subway.com.uy\/index.php\/wp-json\/wp\/v2\/users\/1"}],"replies":[{"embeddable":true,"href":"https:\/\/subway.com.uy\/index.php\/wp-json\/wp\/v2\/comments?post=2555"}],"version-history":[{"count":7,"href":"https:\/\/subway.com.uy\/index.php\/wp-json\/wp\/v2\/pages\/2555\/revisions"}],"predecessor-version":[{"id":2579,"href":"https:\/\/subway.com.uy\/index.php\/wp-json\/wp\/v2\/pages\/2555\/revisions\/2579"}],"wp:featuredmedia":[{"embeddable":true,"href":"https:\/\/subway.com.uy\/index.php\/wp-json\/wp\/v2\/media\/2067"}],"wp:attachment":[{"href":"https:\/\/subway.com.uy\/index.php\/wp-json\/wp\/v2\/media?parent=2555"}],"curies":[{"name":"wp","href":"https:\/\/api.w.org\/{rel}","templated":true}]}}